1, 0 = -q - 2*o + 6. Calculate the remainder when 10 is divided by q.
0
Let i = 690 + -581. Calculate the remainder when i is divided by 99.
10
Let v(q) = -2*q**2 - 2*q + 12. Let h be v(-6). Suppose -4*m + 0*m = -64. Calculate the remainder when m is divided by (-58)/(-8) - (-12)/h.
2
Suppose 12 = 4*c - p, 2*c - 6*c - 2*p = -24. What is the remainder when c/(-4) - -5 - -33 is divided by 20?
17
Let m be 87/((2/16)/(10/30)). Suppose -736 = -8*s - m. Calculate the remainder when s is divided by 11.
8
Let w be -10*2*1/2. Let y = 31 + w. What is the remainder when 61 is divided by y?
19
Let u = 4 - 3. Let y be u/(-4) + (-1)/(-4). Suppose -2*q = -4*x - 28, y = 2*q - 5*q + 5*x + 40. What is the remainder when 39 is divided by q?
9
Let k be 22/4 + 3/(-6). Let u(j) = 2*j - 8. Let y be u(k). Suppose 0 = y*h - h - 4. What is the remainder when 10 is divided by h?
2
Suppose 344*b = 346*b - 1402. Calculate the remainder when b is divided by 44.
41
Let v(x) = 2*x**2 - 109*x - 801. Calculate the remainder when v(-7) is divided by (3/3)/((-1)/(-9)).
6
Let c(o) = 4*o + 29. What is the remainder when 120 is divided by c(-2)?
15
Suppose 8*u = 2*u + 390. What is the remainder when 123 is divided by u?
58
Let k = 25 + 0. Let w(f) = -f**3 + 7*f**2 + 4*f + 3. What is the remainder when w(5) is divided by k?
23
Suppose -2*r - 6 = -3*v, 3 = 2*r - 4*v + 5. Let z be r/6*2*-1. Calculate the remainder when (2/(-4))/(z/(-108)) is divided by 10.
8
Let m = -45 + 67. What is the remainder when 180/m + (-4)/22 is divided by 2?
0
Calculate the remainder when (-2)/3*(3 - (-3870)/(-20)) is divided by 48.
31
Suppose 5*z + 20 = 0, 9*z + 1198 = 3*i + 11*z. Calculate the remainder when i is divided by 46.
34
Let x = 9 - 8. What is the remainder when (-2 + (2 - 69/(-6)))*2 is divided by x - 0 - (-5 - 6)?
11
Let q = 15 + -16. Suppose 0 = m - 1 - 7. Calculate the remainder when (-5)/(-3)*(-9)/q is divided by m.
7
Let f = 86 - 81. Suppose f*v - 850 = h, 0 = 3*v + 2*v + 5*h - 820. What is the remainder when v is divided by 34?
33
What is the remainder when 942 is divided by (10 + -7 - -99) + 4 + -1?
102
Let n(m) = -m**2 - 27*m - 117. What is the remainder when n(-7) is divided by 14 - (0 - 4/(-2))?
11
Suppose -3*i - 2*i + 15 = 0. Suppose 0 = i*y - 15 - 0. Suppose -11 + 76 = y*u. What is the remainder when 22 is divided by u?
9
Let m(x) = -x**2 - 14*x + 20. Let v be m(-14). Let k = 38 - v. Calculate the remainder when 34 is divided by k.
16
Suppose 92*l = 82*l + 430. What is the remainder when l is divided by 27?
16
Calculate the remainder when 508 is divided by (-2)/((-61)/255 + (-61)/(-305)).
49
Let j(o) = -5*o - 8 + o**2 + 8*o**2 + 100*o**3 - 99*o**3. Calculate the remainder when j(-9) is divided by 22.
15
Let c = -169 + 212. What is the remainder when c is divided by 15?
13
Suppose -2*u - 2*j - 95 + 507 = 0, 2*u - 408 = -j. Calculate the remainder when u is divided by 59.
25
Let s = 2 - 1. Suppose s = 2*w - c, -4*c + 29 = -3*w + 6*w. Suppose 0 = -w*o - d + 59, -2*o = -4*o + 2*d + 34. What is the remainder when 73 is divided by o?
16
Let f = 1 - -36. What is the remainder when 106 is divided by f?
32
Let g be (-14)/(-10)*25/5. Suppose 0 + g = -q. Calculate the remainder when 67*1 + 6 + q is divided by 17.
15
Let a = -101 + 121. What is the remainder when 48 is divided by a?
8
Suppose 0 = -c + 4*c - 30. Let u be 4/(-14) + (-6)/((-42)/(-5)). What is the remainder when (-237)/6*u + 2/(-4) is divided by c?
9
Let p = 274 - 178. Let o = -21 + p. What is the remainder when o is divided by 19?
18
Suppose q = 5*a - 415, 4*a - 380 = 5*q - 27. What is the remainder when 1228 is divided by a?
80
Let h = -12 + 22. Let t = h - 10. Calculate the remainder when 52 - (5 - (t + 2)) is divided by 10.
9
Let z(q) = -q**2 + 7*q - 6. Let h be z(6). What is the remainder when 48 is divided by (h - -11) + 1 - 2?
8
Let r = -292 - -303. Calculate the remainder when 45 is divided by r.
1
Let u(v) = -35*v - 1. Suppose -13*t + 283 = -1017. Calculate the remainder when t is divided by u(-1).
32
Suppose -364 = -4*m - 2*a, 3*m = -2*a - 3*a + 266. Calculate the remainder when m is divided by 870/116*((-20)/(-6) - 0).
17
Suppose -3*d + 11 + 13 = 0. Suppose 22 + d = 5*f. What is the remainder when 23 is divided by f?
5
Let k(j) = j + 10. Let g be k(-6). Suppose 2*h = -g*s - 68, -3*h + 2*h + 2*s = 22. Let l = 40 + h. Calculate the remainder when 21 is divided by l.
9
Suppose 0 = 2*c, -8 = 38*p - 39*p + 3*c. What is the remainder when 492 is divided by p?
4
Let u(s) = s**2 - 11*s + 26. Let z be u(9). Suppose 0 = 4*v + 3*x - 183, 0 = z*x - 6*x - 10. Suppose 21 - 6 = n. What is the remainder when v is divided by n?
12
Let f(s) = s - 2. Suppose -4*m + 4*l - 52 = 0, -57 = 3*m - 5*l - 14. Let a = 22 + m. Calculate the remainder when a is divided by f(5).
2
Suppose 27*s - 84 = 24*s. Calculate the remainder when 45 is divided by s.
17
Suppose 12 = 3*w - 2*w - 5*z, -4*z = 5*w - 176. Suppose 0 = 10*n + 6*n - 976. What is the remainder when n is divided by w?
29
Suppose 0 = 4*z - 7*j + 4*j - 1863, -j - 1861 = -4*z. What is the remainder when z is divided by 19?
9
Let f(c) = c**2 + 3*c - 42. What is the remainder when 79 is divided by f(-10)?
23
Let o(m) = -3*m - 1 + 5*m + 29*m**2 - m. Suppose 0 = 14*u - 71 + 57. Calculate the remainder when o(u) is divided by 6.
5
Calculate the remainder when 5370/40*16/3 + 0 is divided by 80.
76
Let r(p) = p**2 - p - 9. Suppose 3*z - 32*i - 47 = -33*i, 0 = 3*z + 5*i - 55. What is the remainder when r(7) is divided by z?
3
Suppose 6*p - 846 = -3*p. What is the remainder when p is divided by 11?
6
Calculate the remainder when 376 is divided by 2547/135 + 10 - (-4)/30.
28
Let a(d) = -12*d + 3. Calculate the remainder when (1 + (-444)/(-20))/((-9)/(-45)) is divided by a(-3).
38
Let r(f) = 57*f - 12. Let l be r(3). Suppose 4*j + l = 2*o + j, -4*j = 5*o - 455. What is the remainder when o is divided by 22?
21
Suppose 84 = 4*a - 2*n, 815 = -4*a - 2*n + 915. Suppose 0 = 3*r + 2*g + g - 36, -2*r + g + 15 = 0. Calculate the remainder when a is divided by r.
5
Suppose -11 = 2*w - 47. Let s be 652/(-18) - (-4)/w. Let u = s - -51. Calculate the remainder when u is divided by 3.
0
Suppose -2 = -z, 34 - 950 = -3*i + 4*z. Calculate the remainder when i is divided by 10.
8
Let u = -225 + 1015. Calculate the remainder when u is divided by 44.
42
Suppose -3*x - 4*m + 97 + 297 = 0, 272 = 2*x + 5*m. Calculate the remainder when x is divided by 43.
40
Let n = 732 - 703. Calculate the remainder when n is divided by 3*(-2)/(-3) + 15.
12
Suppose -452*h + 91 = -439*h. Calculate the remainder when 13 is divided by h.
6
Suppose 3*m - 4*k - 94 = 0, 15*k + 166 = 5*m + 13*k. Calculate the remainder when 67 is divided by m.
33
Suppose -4*n = -5*j + j - 16, 9 = 2*n - j. Suppose -2*a - v + 162 + 67 = 0, -n*v - 235 = -2*a. Calculate the remainder when a is divided by 39.
37
What is the remainder when 114 is divided by ((49/(-14))/(-7))/(2/52)?
10
Let f = 120 + -86. Suppose 28 + 40 = 4*a + 5*m, 2*m = -5*a + 68. Calculate the remainder when f is divided by a.
10
Suppose r - 240 = 4*m + 2*r, -4*m + 4*r = 220. Suppose 2*c = 3*c - 2*d + 95, -4*c - 4*d = 320. Let i = m - c. Calculate the remainder when i is divided by 14.
12
Let w be 7/35 + 12/(-10). Calculate the remainder when (-17*(2 + -1))/w is divided by 9.
8
Let z(a) = a**3 - 16*a**2 - 71*a - 68. Calculate the remainder when 320 is divided by z(20).
96
Calculate the remainder when 130 is divided by ((-1)/(-5))/(-7*8/(-10920)).
13
Let u(o) = 4*o - 5 - 5*o - 20 - 2*o. What is the remainder when 1 - -1*11 - -1 is divided by u(-10)?
3
Let m(q) = 0*q - q - q + 13. Suppose 5*y - 1 = -31. What is the remainder when m(y) is divided by 14?
11
Let h = 4 + -2. Suppose 3 = h*r - 5*a, 0 = 2*r + 2*r - 3*a - 27. Calculate the remainder when 43 is divided by r.
7
Suppose 4*d = 1338 - 934. Calculate the remainder when 323 is divided by d.
20
Calculate the remainder when 436 is divided by (5 - (46 + -4))*-4 + -6.
10
Suppose -2*c + m + 6 = -14, -5*m = -20. Let h be 36/8*8/c. Suppose 10 = -h*p + 8*p. What is the remainder when 4 is divided by p?
0
Let v(y) = -24*y - 110. Calculate the remainder when v(-20) is divided by 53.
52
Suppose -3*z + 2 = -4. Suppose z*b - 3*b + 12 = 0. Calculate the remaind